{"id":139,"date":"2017-04-20T08:05:03","date_gmt":"2017-04-20T06:05:03","guid":{"rendered":"http:\/\/zebra3tel.com\/wordpress\/?page_id=139"},"modified":"2024-06-20T14:42:29","modified_gmt":"2024-06-20T12:42:29","slug":"services-proposes-et-liste-des-destinations-incluses-gratuites","status":"publish","type":"page","link":"https:\/\/zebra3tel-voice.com\/?page_id=139","title":{"rendered":"S e r v i c e s"},"content":{"rendered":"<p>Cas d&rsquo;usage :<\/p>\n<ul>\n<li><strong><span style=\"color: #008000;\">Vous-m\u00eame ou bien vos proches voyagez ou r\u00e9sidez dans un pays \u00e9tranger :<\/span><\/strong><br \/>\n<span style=\"color: #008000;\"><strong>Zebra3Tel<\/strong> <\/span>vous permet de communiquer \u00e9conomiquement si vous \u00eates sous couverture Wifi. M\u00eame si depuis le 15 juin 2017, les consommateurs europ\u00e9ens peuvent utiliser leurs forfaits nationaux depuis un autre \u00c9tat de l&rsquo;Union Europ\u00e9enne, dans les m\u00eames conditions &#8211; ou presque &#8211; que depuis leur pays d&rsquo;origine, il reste toujours des exceptions. Les op\u00e9rateurs t\u00e9l\u00e9phoniques ont introduit la notion d&rsquo;usage loyal \u00ab\u00a0fair use\u00a0\u00bb. Par exemple, si vous demeurez plus de 4 mois en dehors de France, vos communications \u00e9mises et re\u00e7ues hors de France sont susceptibles d&rsquo;\u00eatre surtax\u00e9es si votre op\u00e9rateur d\u00e9cide unilat\u00e9ralement que vous consommez de fa\u00e7on excessive,<\/li>\n<\/ul>\n<p>&nbsp;<\/p>\n<ul>\n<li><strong><span style=\"color: #008000;\">Couverture GSM inexistante ou de mauvaise qualit\u00e9, absence de ligne fixe :<\/span><\/strong><br \/>\nil existe encore des endroits o\u00f9 la couverture radio des op\u00e9rateurs de t\u00e9l\u00e9phonie mobile est insuffisante ou bien celle-ci peut \u00eatre partiellement interrompue suite \u00e0 la survenue d&rsquo;un \u00e9v\u00e9nement exceptionnel. Lorsqu&rsquo;un signal Wifi est disponible, <span style=\"color: #008000;\"><strong>Zebra3Tel<\/strong> <\/span>vous offre la possibilit\u00e9 de continuer d&rsquo;\u00e9mettre et recevoir des appels t\u00e9l\u00e9phoniques.<\/li>\n<\/ul>\n<p>&nbsp;<\/p>\n<ul>\n<li><strong><span style=\"color: #008000;\">Vous souhaitez \u00e9liminer de votre domicile les \u00e9quipements mis \u00e0 disposition par votre op\u00e9rateur (box) et souhaitez ne plus utiliser les services qu&rsquo;ils proposent (t\u00e9l\u00e9phone fixe, TV, &#8230;) :<\/span><\/strong><br \/>\n\u00e0 partir d&rsquo;un simple acc\u00e8s \u00e0 internet (ADSL, Fibre, 4G), <span style=\"color: #008000;\"><strong>Zebra3Tel<\/strong> <\/span>permet de d\u00e9livrer le service de t\u00e9l\u00e9phonie fixe. Pour la TV, des solutions ind\u00e9pendantes des op\u00e9rateurs existent (C+ CubeS, TV connect\u00e9e, Netflix, &#8230;). Selon vos besoins, les passerelles <span style=\"color: #008000;\"><strong>Z3Fix<\/strong> <\/span>ou <span style=\"color: #008000;\"><strong>Z3All<\/strong> <\/span>peuvent se r\u00e9v\u00e9ler \u00eatre des options tr\u00e8s int\u00e9ressantes. N&rsquo;h\u00e9sitez pas \u00e0 contacter <span style=\"color: #008000;\"><strong>Zebra3Tel<\/strong> <\/span>pour obtenir plus d&rsquo;information,<\/li>\n<\/ul>\n<p>&nbsp;<\/p>\n<ul>\n<li><strong><span style=\"color: #008000;\">Vous avez l&rsquo;habitude de communiquer avec certains correspondants pr\u00e9f\u00e9r\u00e9s :<\/span><\/strong><br \/>\ns&rsquo;ils souscrivent au service <span style=\"color: #008000;\"><strong>Zebra3Tel<\/strong> <\/span>vos correspondants pr\u00e9f\u00e9r\u00e9s pourront vous appeler et \u00eatre appel\u00e9s par vous \u00e0 des conditions tr\u00e8s avantageuses, notamment s&rsquo;ils sont bas\u00e9s \u00e0 l&rsquo;\u00e9tranger. Vous avez tout int\u00e9r\u00eat \u00e0 faire d\u00e9couvrir les services <strong><span style=\"color: #008000;\">Zebra3Tel<\/span> <\/strong>\u00e0 vos proches et amis.<strong><br \/>\n<\/strong><\/li>\n<\/ul>\n<p>&nbsp;<\/p>\n<ul>\n<li><strong><span style=\"color: #008000;\">Vous avez un forfait mobile limit\u00e9 (exemple : 2h de communication\/ mois) :<\/span><\/strong><br \/>\nconservez-le si vous y voyez un int\u00e9r\u00eat et t\u00e9l\u00e9phonez bien plus longtemps sous couverture Wifi sans surco\u00fbt en utilisant les services <span style=\"color: #008000;\"><strong>Zebra3Tel<\/strong> <\/span>.<\/li>\n<\/ul>\n<p>Vous trouverez sur cette page une description de<span style=\"color: #008000;\"> <a style=\"color: #008000;\" href=\"https:\/\/zebra3tel-voice.com\/?page_id=279\">l&rsquo;offre<\/a><strong> Zebra3Tel<\/strong> <\/span>ainsi que la liste des<a href=\"https:\/\/zebra3tel-voice.com\/?page_id=332\"><span style=\"color: #008000;\"> destinations<\/span><\/a> gratuites propos\u00e9es.<\/p>\n<p>Vous n&rsquo;avez pas trouv\u00e9 la fonctionnalit\u00e9 dont vous avez besoin ? <span style=\"color: #008000;\"><strong>Zebra3Tel<\/strong><\/span> vous propose d&rsquo;\u00e9tudier et d\u00e9velopper rapidement le service qui vous manque.<\/p>\n<p>&nbsp;<\/p>\n","protected":false},"excerpt":{"rendered":"<p>Cas d&rsquo;usage : Vous-m\u00eame ou bien vos proches voyagez ou r\u00e9sidez dans un pays \u00e9tranger : Zebra3Tel vous permet de communiquer \u00e9conomiquement si vous \u00eates sous couverture Wifi. M\u00eame si depuis le 15 juin 2017, les consommateurs europ\u00e9ens peuvent utiliser leurs forfaits nationaux depuis un autre \u00c9tat de l&rsquo;Union Europ\u00e9enne, dans les m\u00eames conditions &#8211; &hellip; <\/p>\n<p class=\"link-more\"><a href=\"https:\/\/zebra3tel-voice.com\/?page_id=139\" class=\"more-link\">Continuer la lecture<span class=\"screen-reader-text\"> de &laquo;&nbsp;S e r v i c e s&nbsp;&raquo;<\/span><\/a><\/p>\n","protected":false},"author":1,"featured_media":0,"parent":0,"menu_order":0,"comment_status":"closed","ping_status":"closed","template":"","meta":{"footnotes":""},"class_list":["post-139","page","type-page","status-publish","hentry"],"yoast_head":"<!-- This site is optimized with the Yoast SEO plugin v27.4 - https:\/\/yoast.com\/product\/yoast-seo-wordpress\/ -->\n<title>Services propos\u00e9s et liste des destinations incluses gratuites<\/title>\n<meta name=\"description\" content=\"Services propos\u00e9s et liste des destinations incluses gratuites. Proposition de d\u00e9veloppement de fonctionnalit\u00e9s sur mesure.\" \/>\n<meta name=\"robots\" content=\"index, follow, max-snippet:-1, max-image-preview:large, max-video-preview:-1\" \/>\n<link rel=\"canonical\" href=\"https:\/\/zebra3tel-voice.com\/?page_id=139\" \/>\n<meta property=\"og:locale\" content=\"fr_FR\" \/>\n<meta property=\"og:type\" content=\"article\" \/>\n<meta property=\"og:title\" content=\"Services propos\u00e9s et liste des destinations incluses gratuites\" \/>\n<meta property=\"og:description\" content=\"Services propos\u00e9s et liste des destinations incluses gratuites. Proposition de d\u00e9veloppement de fonctionnalit\u00e9s sur mesure.\" \/>\n<meta property=\"og:url\" content=\"https:\/\/zebra3tel-voice.com\/?page_id=139\" \/>\n<meta property=\"og:site_name\" content=\"Zebra3.tel\" \/>\n<meta property=\"article:publisher\" content=\"https:\/\/www.facebook.com\/profile.php?id=100057233747951\" \/>\n<meta property=\"article:modified_time\" content=\"2024-06-20T12:42:29+00:00\" \/>\n<meta name=\"twitter:card\" content=\"summary_large_image\" \/>\n<meta name=\"twitter:label1\" content=\"Dur\u00e9e de lecture estim\u00e9e\" \/>\n\t<meta name=\"twitter:data1\" content=\"2 minutes\" \/>\n<script type=\"application\/ld+json\" class=\"yoast-schema-graph\">{\"@context\":\"https:\\\/\\\/schema.org\",\"@graph\":[{\"@type\":\"WebPage\",\"@id\":\"https:\\\/\\\/zebra3tel-voice.com\\\/?page_id=139\",\"url\":\"https:\\\/\\\/zebra3tel-voice.com\\\/?page_id=139\",\"name\":\"Services propos\u00e9s et liste des destinations incluses gratuites\",\"isPartOf\":{\"@id\":\"https:\\\/\\\/zebra3tel-voice.com\\\/#website\"},\"datePublished\":\"2017-04-20T06:05:03+00:00\",\"dateModified\":\"2024-06-20T12:42:29+00:00\",\"description\":\"Services propos\u00e9s et liste des destinations incluses gratuites. Proposition de d\u00e9veloppement de fonctionnalit\u00e9s sur mesure.\",\"breadcrumb\":{\"@id\":\"https:\\\/\\\/zebra3tel-voice.com\\\/?page_id=139#breadcrumb\"},\"inLanguage\":\"fr-FR\",\"potentialAction\":[{\"@type\":\"ReadAction\",\"target\":[\"https:\\\/\\\/zebra3tel-voice.com\\\/?page_id=139\"]}]},{\"@type\":\"BreadcrumbList\",\"@id\":\"https:\\\/\\\/zebra3tel-voice.com\\\/?page_id=139#breadcrumb\",\"itemListElement\":[{\"@type\":\"ListItem\",\"position\":1,\"name\":\"Accueil\",\"item\":\"https:\\\/\\\/zebra3tel-voice.com\\\/\"},{\"@type\":\"ListItem\",\"position\":2,\"name\":\"S e r v i c e s\"}]},{\"@type\":\"WebSite\",\"@id\":\"https:\\\/\\\/zebra3tel-voice.com\\\/#website\",\"url\":\"https:\\\/\\\/zebra3tel-voice.com\\\/\",\"name\":\"Zebra3Tel\",\"description\":\"Communiquer diff\u00e9remment\",\"publisher\":{\"@id\":\"https:\\\/\\\/zebra3tel-voice.com\\\/#organization\"},\"potentialAction\":[{\"@type\":\"SearchAction\",\"target\":{\"@type\":\"EntryPoint\",\"urlTemplate\":\"https:\\\/\\\/zebra3tel-voice.com\\\/?s={search_term_string}\"},\"query-input\":{\"@type\":\"PropertyValueSpecification\",\"valueRequired\":true,\"valueName\":\"search_term_string\"}}],\"inLanguage\":\"fr-FR\"},{\"@type\":\"Organization\",\"@id\":\"https:\\\/\\\/zebra3tel-voice.com\\\/#organization\",\"name\":\"Zebra3Tel\",\"url\":\"https:\\\/\\\/zebra3tel-voice.com\\\/\",\"logo\":{\"@type\":\"ImageObject\",\"inLanguage\":\"fr-FR\",\"@id\":\"https:\\\/\\\/zebra3tel-voice.com\\\/#\\\/schema\\\/logo\\\/image\\\/\",\"url\":\"https:\\\/\\\/zebra3tel-voice.com\\\/wp-content\\\/uploads\\\/2024\\\/06\\\/cropped-cropped-LogoZebra3Tel_master3.jpg\",\"contentUrl\":\"https:\\\/\\\/zebra3tel-voice.com\\\/wp-content\\\/uploads\\\/2024\\\/06\\\/cropped-cropped-LogoZebra3Tel_master3.jpg\",\"width\":250,\"height\":250,\"caption\":\"Zebra3Tel\"},\"image\":{\"@id\":\"https:\\\/\\\/zebra3tel-voice.com\\\/#\\\/schema\\\/logo\\\/image\\\/\"},\"sameAs\":[\"https:\\\/\\\/www.facebook.com\\\/profile.php?id=100057233747951\"]}]}<\/script>\n<!-- \/ Yoast SEO plugin. -->","yoast_head_json":{"title":"Services propos\u00e9s et liste des destinations incluses gratuites","description":"Services propos\u00e9s et liste des destinations incluses gratuites. Proposition de d\u00e9veloppement de fonctionnalit\u00e9s sur mesure.","robots":{"index":"index","follow":"follow","max-snippet":"max-snippet:-1","max-image-preview":"max-image-preview:large","max-video-preview":"max-video-preview:-1"},"canonical":"https:\/\/zebra3tel-voice.com\/?page_id=139","og_locale":"fr_FR","og_type":"article","og_title":"Services propos\u00e9s et liste des destinations incluses gratuites","og_description":"Services propos\u00e9s et liste des destinations incluses gratuites. Proposition de d\u00e9veloppement de fonctionnalit\u00e9s sur mesure.","og_url":"https:\/\/zebra3tel-voice.com\/?page_id=139","og_site_name":"Zebra3.tel","article_publisher":"https:\/\/www.facebook.com\/profile.php?id=100057233747951","article_modified_time":"2024-06-20T12:42:29+00:00","twitter_card":"summary_large_image","twitter_misc":{"Dur\u00e9e de lecture estim\u00e9e":"2 minutes"},"schema":{"@context":"https:\/\/schema.org","@graph":[{"@type":"WebPage","@id":"https:\/\/zebra3tel-voice.com\/?page_id=139","url":"https:\/\/zebra3tel-voice.com\/?page_id=139","name":"Services propos\u00e9s et liste des destinations incluses gratuites","isPartOf":{"@id":"https:\/\/zebra3tel-voice.com\/#website"},"datePublished":"2017-04-20T06:05:03+00:00","dateModified":"2024-06-20T12:42:29+00:00","description":"Services propos\u00e9s et liste des destinations incluses gratuites. Proposition de d\u00e9veloppement de fonctionnalit\u00e9s sur mesure.","breadcrumb":{"@id":"https:\/\/zebra3tel-voice.com\/?page_id=139#breadcrumb"},"inLanguage":"fr-FR","potentialAction":[{"@type":"ReadAction","target":["https:\/\/zebra3tel-voice.com\/?page_id=139"]}]},{"@type":"BreadcrumbList","@id":"https:\/\/zebra3tel-voice.com\/?page_id=139#breadcrumb","itemListElement":[{"@type":"ListItem","position":1,"name":"Accueil","item":"https:\/\/zebra3tel-voice.com\/"},{"@type":"ListItem","position":2,"name":"S e r v i c e s"}]},{"@type":"WebSite","@id":"https:\/\/zebra3tel-voice.com\/#website","url":"https:\/\/zebra3tel-voice.com\/","name":"Zebra3Tel","description":"Communiquer diff\u00e9remment","publisher":{"@id":"https:\/\/zebra3tel-voice.com\/#organization"},"potentialAction":[{"@type":"SearchAction","target":{"@type":"EntryPoint","urlTemplate":"https:\/\/zebra3tel-voice.com\/?s={search_term_string}"},"query-input":{"@type":"PropertyValueSpecification","valueRequired":true,"valueName":"search_term_string"}}],"inLanguage":"fr-FR"},{"@type":"Organization","@id":"https:\/\/zebra3tel-voice.com\/#organization","name":"Zebra3Tel","url":"https:\/\/zebra3tel-voice.com\/","logo":{"@type":"ImageObject","inLanguage":"fr-FR","@id":"https:\/\/zebra3tel-voice.com\/#\/schema\/logo\/image\/","url":"https:\/\/zebra3tel-voice.com\/wp-content\/uploads\/2024\/06\/cropped-cropped-LogoZebra3Tel_master3.jpg","contentUrl":"https:\/\/zebra3tel-voice.com\/wp-content\/uploads\/2024\/06\/cropped-cropped-LogoZebra3Tel_master3.jpg","width":250,"height":250,"caption":"Zebra3Tel"},"image":{"@id":"https:\/\/zebra3tel-voice.com\/#\/schema\/logo\/image\/"},"sameAs":["https:\/\/www.facebook.com\/profile.php?id=100057233747951"]}]}},"_links":{"self":[{"href":"https:\/\/zebra3tel-voice.com\/index.php?rest_route=\/wp\/v2\/pages\/139","targetHints":{"allow":["GET"]}}],"collection":[{"href":"https:\/\/zebra3tel-voice.com\/index.php?rest_route=\/wp\/v2\/pages"}],"about":[{"href":"https:\/\/zebra3tel-voice.com\/index.php?rest_route=\/wp\/v2\/types\/page"}],"author":[{"embeddable":true,"href":"https:\/\/zebra3tel-voice.com\/index.php?rest_route=\/wp\/v2\/users\/1"}],"replies":[{"embeddable":true,"href":"https:\/\/zebra3tel-voice.com\/index.php?rest_route=%2Fwp%2Fv2%2Fcomments&post=139"}],"version-history":[{"count":2,"href":"https:\/\/zebra3tel-voice.com\/index.php?rest_route=\/wp\/v2\/pages\/139\/revisions"}],"predecessor-version":[{"id":861,"href":"https:\/\/zebra3tel-voice.com\/index.php?rest_route=\/wp\/v2\/pages\/139\/revisions\/861"}],"wp:attachment":[{"href":"https:\/\/zebra3tel-voice.com\/index.php?rest_route=%2Fwp%2Fv2%2Fmedia&parent=139"}],"curies":[{"name":"wp","href":"https:\/\/api.w.org\/{rel}","templated":true}]}}