{"id":1159,"date":"2026-04-13T14:44:51","date_gmt":"2026-04-13T12:44:51","guid":{"rendered":"https:\/\/zebra3tel-voice.com\/?page_id=1159"},"modified":"2026-04-14T16:22:31","modified_gmt":"2026-04-14T14:22:31","slug":"prix","status":"publish","type":"page","link":"https:\/\/zebra3tel-voice.com\/?page_id=1159","title":{"rendered":"Prix"},"content":{"rendered":"<p><strong><span style=\"color: #008000;\">Zebra3Tel<\/span> <\/strong>souhaite \u00eatre le plus transparent possible concernant l&rsquo;aspect tarifaire de ses services. Chez nous le mod\u00e8le est \u00ab\u00a0\u00e0 la carte\u00a0\u00bb, en limitant le nombre d&rsquo;options pour ne pas complexifier la lecture de notre grille.<\/p>\n<p><strong>Tout d\u2019abord, quels sont les co\u00fbts support\u00e9s par<\/strong> <strong><span style=\"color: #008000;\">Zebra3Tel<\/span><\/strong><\/p>\n<p>Notre penchant pour l&rsquo;\u00e9conomie circulaire et le logiciel open-source nous permet de r\u00e9duire nos investissements r\u00e9seau et syst\u00e8me d&rsquo;information. Par ailleurs <span style=\"color: #008000;\"><strong>Zebra3Tel<\/strong> <\/span>a d\u00e9lib\u00e9r\u00e9ment fait le choix de ne pas se lancer dans des campagnes marketing tr\u00e8s on\u00e9reuses. Nous comptons sur nos utilisateurs pour faire notre promotion et ne souhaitons pas nous d\u00e9velopper de mani\u00e8re d\u00e9sordonn\u00e9e.<br \/>\nNotre maitrise des co\u00fbts et notre excellence dans le domaine technique nous permettent d&rsquo;offrir des services novateurs et de qualit\u00e9 \u00e0 un tarif tr\u00e8s r\u00e9duit.<\/p>\n<p>Nous comptons donc sur ceux qui nous ont fait confiance pour en parler autour d&rsquo;eux et t\u00e9moigner de leur satisfaction.<\/p>\n<p><strong>Savant calcul un peu simplifi\u00e9<\/strong><\/p>\n<p>Prix de revient moyen d&rsquo;une configuration pour supporter 1000 utilisateurs :<br \/>\ninv = investissement amortissable sur 5 ans<br \/>\nope = d\u00e9penses op\u00e9rationnelles mensuelles<\/p>\n<ol>\n<li style=\"list-style-type: none;\">\n<ol>\n<li>plateformes techniques centrales (inv up-front) : 3 000 \u20ac<\/li>\n<li>100x passerelles distantes Z3All et Z3Fix (inv up-front) : 25 000\u20ac<\/li>\n<li>5x passerelles 4G centrales (inv up-front) : 5 000\u20ac<\/li>\n<li>terminaisons d&rsquo;appel (ope mois) : 200 \u20ac<\/li>\n<li>h\u00e9bergement (ope mois) : 50 \u20ac<\/li>\n<li>\u00e9nergie (ope mois) : 50 \u20ac<\/li>\n<li>acc\u00e8s central internet (ope mois) : 50 \u20ac<\/li>\n<li>maintenance (ope mois) : 100 \u20ac<\/li>\n<li>frais commercial, marketing (ope mois) : 0 \u20ac<\/li>\n<li>frais de personnel (ope mois) : 0 \u20ac (aspect collaboratif)<\/li>\n<\/ol>\n<\/li>\n<\/ol>\n<p>Le prix de revient mensuel correspondant \u00e0 la somme de tous les co\u00fbts support\u00e9s pour produire le service. En consid\u00e9rant un taux d&rsquo;utilisation de 50%, le prix de revient mensuel ne peut \u00eatre inf\u00e9rieur \u00e0 3 \u20ac.<br \/>\n<strong><span style=\"color: #008000;\">Zebra3Tel<\/span> <\/strong>ne poursuivant aucun but commercial, nous proposons d&rsquo;appliquer une tarification sur la base du prix de revient de nos services et ceci malgr\u00e9 la somme importante investie pour un structure comme la n\u00f4tre.<\/p>\n<p><strong>Tout \u00e7a c&rsquo;est bien mais qu&rsquo;est ce que \u00e7a donne pour un utilisateur \u20ac$\u00a5\u00a3<\/strong><\/p>\n<p>Nous proposons une grille tarifaire \u00ab\u00a0\u00e0 la journ\u00e9e\u00a0\u00bb afin de ne pas p\u00e9naliser les utilisateurs qui souhaitent utiliser le service sur une p\u00e9riodes courte.<\/p>\n<p>Pas de formule alambiqu\u00e9e, il faut juste s\u00e9lectionner l&rsquo;option souhait\u00e9e \u00e0 ajouter au service de base &#8230; et c&rsquo;est tout !<\/p>\n<p>Par jour :<\/p>\n<table style=\"height: 1063px;\" width=\"337\">\n<tbody>\n<tr>\n<td width=\"78\"><strong>Offre<\/strong><\/td>\n<td width=\"366\"><strong>Description<\/strong><\/td>\n<td width=\"611\"><strong>Destinations<\/strong><\/td>\n<td style=\"text-align: left;\" width=\"59\"><strong>\u20ac\u00a0<\/strong><\/td>\n<\/tr>\n<tr>\n<td><span style=\"color: #008000;\"><strong>Z3Basic<\/strong><\/span><\/td>\n<td>Attribution d&rsquo;un num\u00e9ro de t\u00e9l\u00e9phone priv\u00e9 Zebra3Tel<\/td>\n<td>Communications internes au r\u00e9seau Zebra3Tel seulement<\/td>\n<td style=\"text-align: left;\">\u00a00,10<\/td>\n<\/tr>\n<tr>\n<td><\/td>\n<td><\/td>\n<td><\/td>\n<td><\/td>\n<\/tr>\n<tr>\n<td>Variantes<\/td>\n<td>Offre Z3Basic compl\u00e9t\u00e9e par la ou les options suivantes :<\/td>\n<td><\/td>\n<td><\/td>\n<\/tr>\n<tr>\n<td><\/td>\n<td><\/td>\n<td><\/td>\n<td><\/td>\n<\/tr>\n<tr>\n<td><span style=\"color: #008000;\"><strong>Z3LiFix<\/strong><\/span><\/td>\n<td>Attribution d&rsquo;un num\u00e9ro de t\u00e9l\u00e9phone fixe public<\/td>\n<td>Communications illimit\u00e9es de\/vers num\u00e9ros fixes fran\u00e7ais<\/td>\n<td style=\"text-align: left;\">\u00a00,10<\/td>\n<\/tr>\n<tr>\n<td><strong><span style=\"color: #008000;\">Z3LiMob<\/span><\/strong><\/td>\n<td>Attribution d&rsquo;un num\u00e9ro de t\u00e9l\u00e9phone mobile public<\/td>\n<td>Communications illimit\u00e9es de\/vers num\u00e9ros fixes et mobiles fran\u00e7ais (voix et SMS)<\/td>\n<td style=\"text-align: left;\">\u00a00,35<\/td>\n<\/tr>\n<tr>\n<td><span style=\"color: #008000;\"><strong>Z3GwAll<\/strong><\/span><\/td>\n<td>Location passerelle Z3All (Passerelle exp\u00e9di\u00e9e par Zebra3Tel)<\/td>\n<td>Permet l&rsquo;usage des forfaits souscrits par l\u2019utilisateur aupr\u00e8s des op\u00e9rateurs mobile et\/oufixe de son choix<\/td>\n<td style=\"text-align: left;\">\u00a00,15<\/td>\n<\/tr>\n<tr>\n<td><span style=\"color: #008000;\"><strong>Z3GwFix<\/strong><\/span><\/td>\n<td>Location passerelle Z3Fix (Passerelle exp\u00e9di\u00e9e par Zebra3Tel)<\/td>\n<td>Permet l&rsquo;usage du forfait souscrit par l\u2019utilisateur aupr\u00e8s de l&rsquo;op\u00e9rateur fixe de son choix<\/td>\n<td style=\"text-align: left;\">\u00a00,05<\/td>\n<\/tr>\n<tr>\n<td><span style=\"color: #008000;\"><strong>Z3HoSim<\/strong><\/span><\/td>\n<td>H\u00e9bergement SIM (SIM de l&rsquo;utilisateur confi\u00e9e \u00e0 Zebra3Tel)<\/td>\n<td>Permet l&rsquo;usage du forfait souscrit par l\u2019utilisateur aupr\u00e8s de l&rsquo;op\u00e9rateur mobile de son choix<\/td>\n<td style=\"text-align: left;\">\u00a00,10<\/td>\n<\/tr>\n<tr>\n<td><\/td>\n<td><\/td>\n<td><\/td>\n<td><\/td>\n<\/tr>\n<tr>\n<td>Caution<\/td>\n<td>Passerelle Z3All ou Z3Fix<\/td>\n<td>Caution non encaiss\u00e9e et restitu\u00e9e d\u00e8s le retour du mat\u00e9riel lou\u00e9 en bon \u00e9tat de marche<\/td>\n<td style=\"text-align: left;\">50,00<\/td>\n<\/tr>\n<tr>\n<td>Frais d&rsquo;envoi<\/td>\n<td>A la charge de l&rsquo;utilisateur<\/td>\n<td><\/td>\n<td><\/td>\n<\/tr>\n<\/tbody>\n<\/table>\n<p><strong>Quelques exemples<\/strong><\/p>\n<ul>\n<li><span style=\"color: #008000;\"><strong>Z3Basic<\/strong> <\/span>Utilisation 23 jours avec option de base\u00a0 = 2,30 \u20ac<br \/>\n(trafic interne entre abonn\u00e9s Zebra3Tel un peu comme comme WhatsApp)<\/li>\n<li><strong><span style=\"color: #008000;\">Z3LiFix<\/span> <\/strong>Utilisation 23 jours avec location d&rsquo;une ligne fixe\u00a0 = 4,60 \u20ac<br \/>\n(trafic illimit\u00e9 vers num\u00e9ros fixes fran\u00e7ais inclus, nous contacter pour les autres destinations)<\/li>\n<li><strong><span style=\"color: #008000;\">Z3LiMob<\/span> <\/strong>Utilisation 23 jours avec location d&rsquo;une ligne mobile = 9,20 \u20ac<br \/>\n(trafic illimit\u00e9 vers num\u00e9ros fixes et mobiles fran\u00e7ais inclus, nous contacter pour les autres destinations)<\/li>\n<li><span style=\"color: #008000;\"><strong>Z3GwAll<\/strong> <\/span>Utilisation 23 jours avec location de la passerelle Z3All = 5,75 \u20ac<br \/>\n(usage des forfaits souscrits par l\u2019utilisateur aupr\u00e8s des op\u00e9rateurs de son choix)<\/li>\n<li><strong><span style=\"color: #008000;\">Z3GwFix <\/span><\/strong>Utilisation 23 jours avec location de la passerelle Z3Fix = 3,45 \u20ac<br \/>\n(usage du forfait souscrit par l\u2019utilisateur aupr\u00e8s de l&rsquo;op\u00e9rateur de son choix)<\/li>\n<li><strong><span style=\"color: #008000;\">Z3HoSim<\/span> <\/strong>Utilisation 23 jours avec h\u00e9bergement SIM = 4,60 \u20ac<br \/>\n(usage du forfait souscrit par l\u2019utilisateur aupr\u00e8s de l&rsquo;op\u00e9rateur de son choix)<\/li>\n<\/ul>\n<p><strong>Convaincu ?<\/strong><\/p>\n<p>Ces tarifs sont tr\u00e8s avantageux par rapport \u00e0 ce que vous devriez d\u00e9penser pour le m\u00eame usage. Continuez d&rsquo;utiliser vos lignes fixe et 4G\u00a0 en situation d&rsquo;itin\u00e9rance aux conditions tarifaires fran\u00e7aise, voil\u00e0 ce que propose<strong> <span style=\"color: #008000;\">Zebra3Tel<\/span><\/strong>. Plut\u00f4t malin non ?<\/p>\n<p><a href=\"https:\/\/zebra3tel-voice.com\/?page_id=573\">Testez nos services<\/a> d\u00e8s \u00e0 pr\u00e9sent puis <a href=\"https:\/\/zebra3tel-voice.com\/?page_id=134\">contactez-nous<\/a> si vous souhaitez poursuivre.<\/p>\n<p>Pendant la phase de mont\u00e9e en charge le service de base\u00a0 <strong><span style=\"color: #008000;\">Zebra3Tel<\/span> <\/strong>reste totalement gratuit.<\/p>\n<p>&nbsp;<\/p>\n<p>&nbsp;<\/p>\n","protected":false},"excerpt":{"rendered":"<p>Zebra3Tel souhaite \u00eatre le plus transparent possible concernant l&rsquo;aspect tarifaire de ses services. Chez nous le mod\u00e8le est \u00ab\u00a0\u00e0 la carte\u00a0\u00bb, en limitant le nombre d&rsquo;options pour ne pas complexifier la lecture de notre grille. Tout d\u2019abord, quels sont les co\u00fbts support\u00e9s par Zebra3Tel Notre penchant pour l&rsquo;\u00e9conomie circulaire et le logiciel open-source nous permet &hellip; <\/p>\n<p class=\"link-more\"><a href=\"https:\/\/zebra3tel-voice.com\/?page_id=1159\" class=\"more-link\">Continuer la lecture<span class=\"screen-reader-text\"> de &laquo;&nbsp;Prix&nbsp;&raquo;<\/span><\/a><\/p>\n","protected":false},"author":1,"featured_media":0,"parent":0,"menu_order":0,"comment_status":"closed","ping_status":"closed","template":"","meta":{"footnotes":""},"class_list":["post-1159","page","type-page","status-publish","hentry"],"yoast_head":"<!-- This site is optimized with the Yoast SEO plugin v27.4 - https:\/\/yoast.com\/product\/yoast-seo-wordpress\/ -->\n<title>Prix - Zebra3.tel<\/title>\n<meta name=\"robots\" content=\"index, follow, max-snippet:-1, max-image-preview:large, max-video-preview:-1\" \/>\n<link rel=\"canonical\" href=\"https:\/\/zebra3tel-voice.com\/?page_id=1159\" \/>\n<meta property=\"og:locale\" content=\"fr_FR\" \/>\n<meta property=\"og:type\" content=\"article\" \/>\n<meta property=\"og:title\" content=\"Prix - Zebra3.tel\" \/>\n<meta property=\"og:description\" content=\"Zebra3Tel souhaite \u00eatre le plus transparent possible concernant l&rsquo;aspect tarifaire de ses services. Chez nous le mod\u00e8le est \u00ab\u00a0\u00e0 la carte\u00a0\u00bb, en limitant le nombre d&rsquo;options pour ne pas complexifier la lecture de notre grille. Tout d\u2019abord, quels sont les co\u00fbts support\u00e9s par Zebra3Tel Notre penchant pour l&rsquo;\u00e9conomie circulaire et le logiciel open-source nous permet &hellip; Continuer la lecture de &laquo;&nbsp;Prix&nbsp;&raquo;\" \/>\n<meta property=\"og:url\" content=\"https:\/\/zebra3tel-voice.com\/?page_id=1159\" \/>\n<meta property=\"og:site_name\" content=\"Zebra3.tel\" \/>\n<meta property=\"article:publisher\" content=\"https:\/\/www.facebook.com\/profile.php?id=100057233747951\" \/>\n<meta property=\"article:modified_time\" content=\"2026-04-14T14:22:31+00:00\" \/>\n<meta name=\"twitter:card\" content=\"summary_large_image\" \/>\n<meta name=\"twitter:label1\" content=\"Dur\u00e9e de lecture estim\u00e9e\" \/>\n\t<meta name=\"twitter:data1\" content=\"4 minutes\" \/>\n<script type=\"application\/ld+json\" class=\"yoast-schema-graph\">{\"@context\":\"https:\\\/\\\/schema.org\",\"@graph\":[{\"@type\":\"WebPage\",\"@id\":\"https:\\\/\\\/zebra3tel-voice.com\\\/?page_id=1159\",\"url\":\"https:\\\/\\\/zebra3tel-voice.com\\\/?page_id=1159\",\"name\":\"Prix - Zebra3.tel\",\"isPartOf\":{\"@id\":\"https:\\\/\\\/zebra3tel-voice.com\\\/#website\"},\"datePublished\":\"2026-04-13T12:44:51+00:00\",\"dateModified\":\"2026-04-14T14:22:31+00:00\",\"breadcrumb\":{\"@id\":\"https:\\\/\\\/zebra3tel-voice.com\\\/?page_id=1159#breadcrumb\"},\"inLanguage\":\"fr-FR\",\"potentialAction\":[{\"@type\":\"ReadAction\",\"target\":[\"https:\\\/\\\/zebra3tel-voice.com\\\/?page_id=1159\"]}]},{\"@type\":\"BreadcrumbList\",\"@id\":\"https:\\\/\\\/zebra3tel-voice.com\\\/?page_id=1159#breadcrumb\",\"itemListElement\":[{\"@type\":\"ListItem\",\"position\":1,\"name\":\"Accueil\",\"item\":\"https:\\\/\\\/zebra3tel-voice.com\\\/\"},{\"@type\":\"ListItem\",\"position\":2,\"name\":\"Prix\"}]},{\"@type\":\"WebSite\",\"@id\":\"https:\\\/\\\/zebra3tel-voice.com\\\/#website\",\"url\":\"https:\\\/\\\/zebra3tel-voice.com\\\/\",\"name\":\"Zebra3Tel\",\"description\":\"Communiquer diff\u00e9remment\",\"publisher\":{\"@id\":\"https:\\\/\\\/zebra3tel-voice.com\\\/#organization\"},\"potentialAction\":[{\"@type\":\"SearchAction\",\"target\":{\"@type\":\"EntryPoint\",\"urlTemplate\":\"https:\\\/\\\/zebra3tel-voice.com\\\/?s={search_term_string}\"},\"query-input\":{\"@type\":\"PropertyValueSpecification\",\"valueRequired\":true,\"valueName\":\"search_term_string\"}}],\"inLanguage\":\"fr-FR\"},{\"@type\":\"Organization\",\"@id\":\"https:\\\/\\\/zebra3tel-voice.com\\\/#organization\",\"name\":\"Zebra3Tel\",\"url\":\"https:\\\/\\\/zebra3tel-voice.com\\\/\",\"logo\":{\"@type\":\"ImageObject\",\"inLanguage\":\"fr-FR\",\"@id\":\"https:\\\/\\\/zebra3tel-voice.com\\\/#\\\/schema\\\/logo\\\/image\\\/\",\"url\":\"https:\\\/\\\/zebra3tel-voice.com\\\/wp-content\\\/uploads\\\/2024\\\/06\\\/cropped-cropped-LogoZebra3Tel_master3.jpg\",\"contentUrl\":\"https:\\\/\\\/zebra3tel-voice.com\\\/wp-content\\\/uploads\\\/2024\\\/06\\\/cropped-cropped-LogoZebra3Tel_master3.jpg\",\"width\":250,\"height\":250,\"caption\":\"Zebra3Tel\"},\"image\":{\"@id\":\"https:\\\/\\\/zebra3tel-voice.com\\\/#\\\/schema\\\/logo\\\/image\\\/\"},\"sameAs\":[\"https:\\\/\\\/www.facebook.com\\\/profile.php?id=100057233747951\"]}]}<\/script>\n<!-- \/ Yoast SEO plugin. -->","yoast_head_json":{"title":"Prix - Zebra3.tel","robots":{"index":"index","follow":"follow","max-snippet":"max-snippet:-1","max-image-preview":"max-image-preview:large","max-video-preview":"max-video-preview:-1"},"canonical":"https:\/\/zebra3tel-voice.com\/?page_id=1159","og_locale":"fr_FR","og_type":"article","og_title":"Prix - Zebra3.tel","og_description":"Zebra3Tel souhaite \u00eatre le plus transparent possible concernant l&rsquo;aspect tarifaire de ses services. Chez nous le mod\u00e8le est \u00ab\u00a0\u00e0 la carte\u00a0\u00bb, en limitant le nombre d&rsquo;options pour ne pas complexifier la lecture de notre grille. Tout d\u2019abord, quels sont les co\u00fbts support\u00e9s par Zebra3Tel Notre penchant pour l&rsquo;\u00e9conomie circulaire et le logiciel open-source nous permet &hellip; Continuer la lecture de &laquo;&nbsp;Prix&nbsp;&raquo;","og_url":"https:\/\/zebra3tel-voice.com\/?page_id=1159","og_site_name":"Zebra3.tel","article_publisher":"https:\/\/www.facebook.com\/profile.php?id=100057233747951","article_modified_time":"2026-04-14T14:22:31+00:00","twitter_card":"summary_large_image","twitter_misc":{"Dur\u00e9e de lecture estim\u00e9e":"4 minutes"},"schema":{"@context":"https:\/\/schema.org","@graph":[{"@type":"WebPage","@id":"https:\/\/zebra3tel-voice.com\/?page_id=1159","url":"https:\/\/zebra3tel-voice.com\/?page_id=1159","name":"Prix - Zebra3.tel","isPartOf":{"@id":"https:\/\/zebra3tel-voice.com\/#website"},"datePublished":"2026-04-13T12:44:51+00:00","dateModified":"2026-04-14T14:22:31+00:00","breadcrumb":{"@id":"https:\/\/zebra3tel-voice.com\/?page_id=1159#breadcrumb"},"inLanguage":"fr-FR","potentialAction":[{"@type":"ReadAction","target":["https:\/\/zebra3tel-voice.com\/?page_id=1159"]}]},{"@type":"BreadcrumbList","@id":"https:\/\/zebra3tel-voice.com\/?page_id=1159#breadcrumb","itemListElement":[{"@type":"ListItem","position":1,"name":"Accueil","item":"https:\/\/zebra3tel-voice.com\/"},{"@type":"ListItem","position":2,"name":"Prix"}]},{"@type":"WebSite","@id":"https:\/\/zebra3tel-voice.com\/#website","url":"https:\/\/zebra3tel-voice.com\/","name":"Zebra3Tel","description":"Communiquer diff\u00e9remment","publisher":{"@id":"https:\/\/zebra3tel-voice.com\/#organization"},"potentialAction":[{"@type":"SearchAction","target":{"@type":"EntryPoint","urlTemplate":"https:\/\/zebra3tel-voice.com\/?s={search_term_string}"},"query-input":{"@type":"PropertyValueSpecification","valueRequired":true,"valueName":"search_term_string"}}],"inLanguage":"fr-FR"},{"@type":"Organization","@id":"https:\/\/zebra3tel-voice.com\/#organization","name":"Zebra3Tel","url":"https:\/\/zebra3tel-voice.com\/","logo":{"@type":"ImageObject","inLanguage":"fr-FR","@id":"https:\/\/zebra3tel-voice.com\/#\/schema\/logo\/image\/","url":"https:\/\/zebra3tel-voice.com\/wp-content\/uploads\/2024\/06\/cropped-cropped-LogoZebra3Tel_master3.jpg","contentUrl":"https:\/\/zebra3tel-voice.com\/wp-content\/uploads\/2024\/06\/cropped-cropped-LogoZebra3Tel_master3.jpg","width":250,"height":250,"caption":"Zebra3Tel"},"image":{"@id":"https:\/\/zebra3tel-voice.com\/#\/schema\/logo\/image\/"},"sameAs":["https:\/\/www.facebook.com\/profile.php?id=100057233747951"]}]}},"_links":{"self":[{"href":"https:\/\/zebra3tel-voice.com\/index.php?rest_route=\/wp\/v2\/pages\/1159","targetHints":{"allow":["GET"]}}],"collection":[{"href":"https:\/\/zebra3tel-voice.com\/index.php?rest_route=\/wp\/v2\/pages"}],"about":[{"href":"https:\/\/zebra3tel-voice.com\/index.php?rest_route=\/wp\/v2\/types\/page"}],"author":[{"embeddable":true,"href":"https:\/\/zebra3tel-voice.com\/index.php?rest_route=\/wp\/v2\/users\/1"}],"replies":[{"embeddable":true,"href":"https:\/\/zebra3tel-voice.com\/index.php?rest_route=%2Fwp%2Fv2%2Fcomments&post=1159"}],"version-history":[{"count":20,"href":"https:\/\/zebra3tel-voice.com\/index.php?rest_route=\/wp\/v2\/pages\/1159\/revisions"}],"predecessor-version":[{"id":1181,"href":"https:\/\/zebra3tel-voice.com\/index.php?rest_route=\/wp\/v2\/pages\/1159\/revisions\/1181"}],"wp:attachment":[{"href":"https:\/\/zebra3tel-voice.com\/index.php?rest_route=%2Fwp%2Fv2%2Fmedia&parent=1159"}],"curies":[{"name":"wp","href":"https:\/\/api.w.org\/{rel}","templated":true}]}}